{"id":24,"date":"2021-04-15T10:35:10","date_gmt":"2021-04-15T08:35:10","guid":{"rendered":"https:\/\/www.water-eco.fr\/?page_id=24"},"modified":"2021-04-22T17:20:29","modified_gmt":"2021-04-22T15:20:29","slug":"nos-prestations","status":"publish","type":"page","link":"https:\/\/www.water-eco.fr\/index.php\/nos-prestations\/","title":{"rendered":"Nos Prestations"},"content":{"rendered":"\n<h2 class=\"has-text-color wp-block-heading\" style=\"color:#097bbd\">Un panel de prestations \u00e9toff\u00e9<\/h2>\n\n\n\n<p><strong>Water Eco <\/strong>intervient principalement dans le secteur de l\u2019habitat, des collectivit\u00e9s, des \u00e9coles, des cr\u00e8ches, des EPHAD, des syndics et du tertiaire. <\/p>\n\n\n\n<p>Nos \u00e9quipes assurent le suivi p\u00e9riodique de vos r\u00e9seaux d\u2019eau (chauffage, eau glac\u00e9e, r\u00e9seaux glycol\u00e9s, eau chaude sanitaire)&nbsp;: maintenance de vos \u00e9quipements, suivi analytique, pompes, adoucisseurs, filtres magn\u00e9tiques\u2026 <\/p>\n\n\n\n<p>Nous pr\u00e9conisons et d\u00e9ployons des solutions adapt\u00e9es pour r\u00e9pondre \u00e0 vos probl\u00e9matiques de corrosion, d\u2019entartrage, d\u2019embouage, de d\u00e9veloppement bact\u00e9rien, de surconsommation d\u2019\u00e9nergie et d\u2019eau\u2026<\/p>\n\n\n\n<figure class=\"wp-block-gallery aligncenter columns-2 is-cropped wp-block-gallery-1 is-layout-flex\"><ul class=\"blocks-gallery-grid\"><li class=\"blocks-gallery-item\"><figure><img decoding=\"async\" loading=\"lazy\" width=\"800\" height=\"800\" src=\"https:\/\/www.water-eco.fr\/wp-content\/uploads\/2021\/04\/square-galerie-02.png\" alt=\"\" data-id=\"316\" data-full-url=\"https:\/\/www.water-eco.fr\/wp-content\/uploads\/2021\/04\/square-galerie-02.png\" data-link=\"https:\/\/www.water-eco.fr\/index.php\/nos-prestations\/square-galerie-02\/\" class=\"wp-image-316\" srcset=\"https:\/\/www.water-eco.fr\/wp-content\/uploads\/2021\/04\/square-galerie-02.png 800w, https:\/\/www.water-eco.fr\/wp-content\/uploads\/2021\/04\/square-galerie-02-300x300.png 300w, https:\/\/www.water-eco.fr\/wp-content\/uploads\/2021\/04\/square-galerie-02-150x150.png 150w, https:\/\/www.water-eco.fr\/wp-content\/uploads\/2021\/04\/square-galerie-02-768x768.png 768w\" sizes=\"(max-width: 800px) 100vw, 800px\" \/><\/figure><\/li><li class=\"blocks-gallery-item\"><figure><img decoding=\"async\" loading=\"lazy\" width=\"800\" height=\"800\" src=\"https:\/\/www.water-eco.fr\/wp-content\/uploads\/2021\/04\/square-galerie-01.png\" alt=\"\" data-id=\"317\" data-full-url=\"https:\/\/www.water-eco.fr\/wp-content\/uploads\/2021\/04\/square-galerie-01.png\" data-link=\"https:\/\/www.water-eco.fr\/index.php\/nos-prestations\/square-galerie-01\/\" class=\"wp-image-317\" srcset=\"https:\/\/www.water-eco.fr\/wp-content\/uploads\/2021\/04\/square-galerie-01.png 800w, https:\/\/www.water-eco.fr\/wp-content\/uploads\/2021\/04\/square-galerie-01-300x300.png 300w, https:\/\/www.water-eco.fr\/wp-content\/uploads\/2021\/04\/square-galerie-01-150x150.png 150w, https:\/\/www.water-eco.fr\/wp-content\/uploads\/2021\/04\/square-galerie-01-768x768.png 768w\" sizes=\"(max-width: 800px) 100vw, 800px\" \/><\/figure><\/li><\/ul><\/figure>\n\n\n\n<div class=\"wp-block-image\"><figure class=\"aligncenter size-large is-resized\"><img decoding=\"async\" loading=\"lazy\" src=\"https:\/\/www.water-eco.fr\/wp-content\/uploads\/2021\/04\/cropped-cropped-logo-water-eco-det-1-e1618485888413.png\" alt=\"\" class=\"wp-image-40\" width=\"197\" height=\"221\"\/><\/figure><\/div>\n\n\n\n<p><\/p>\n","protected":false},"excerpt":{"rendered":"<p>Un panel de prestations \u00e9toff\u00e9 Water Eco intervient principalement dans le secteur de l\u2019habitat, des collectivit\u00e9s, des \u00e9coles, des cr\u00e8ches, des EPHAD, des syndics et du tertiaire. Nos \u00e9quipes assurent le suivi p\u00e9riodique de vos r\u00e9seaux d\u2019eau (chauffage, eau glac\u00e9e, r\u00e9seaux glycol\u00e9s, eau chaude sanitaire)&nbsp;: maintenance de vos \u00e9quipements, suivi analytique, pompes, adoucisseurs, filtres magn\u00e9tiques\u2026 [&hellip;]<\/p>\n","protected":false},"author":1,"featured_media":0,"parent":0,"menu_order":1,"comment_status":"closed","ping_status":"closed","template":"","meta":[],"_links":{"self":[{"href":"https:\/\/www.water-eco.fr\/index.php\/wp-json\/wp\/v2\/pages\/24"}],"collection":[{"href":"https:\/\/www.water-eco.fr\/index.php\/wp-json\/wp\/v2\/pages"}],"about":[{"href":"https:\/\/www.water-eco.fr\/index.php\/wp-json\/wp\/v2\/types\/page"}],"author":[{"embeddable":true,"href":"https:\/\/www.water-eco.fr\/index.php\/wp-json\/wp\/v2\/users\/1"}],"replies":[{"embeddable":true,"href":"https:\/\/www.water-eco.fr\/index.php\/wp-json\/wp\/v2\/comments?post=24"}],"version-history":[{"count":6,"href":"https:\/\/www.water-eco.fr\/index.php\/wp-json\/wp\/v2\/pages\/24\/revisions"}],"predecessor-version":[{"id":318,"href":"https:\/\/www.water-eco.fr\/index.php\/wp-json\/wp\/v2\/pages\/24\/revisions\/318"}],"wp:attachment":[{"href":"https:\/\/www.water-eco.fr\/index.php\/wp-json\/wp\/v2\/media?parent=24"}],"curies":[{"name":"wp","href":"https:\/\/api.w.org\/{rel}","templated":true}]}}